{"id":244,"date":"2024-01-18T19:25:56","date_gmt":"2024-01-18T18:25:56","guid":{"rendered":"https:\/\/innovativedesign.es\/?page_id=244"},"modified":"2024-01-24T17:12:32","modified_gmt":"2024-01-24T16:12:32","slug":"servicios","status":"publish","type":"page","link":"https:\/\/innovativedesign.es\/?page_id=244","title":{"rendered":"Servicios"},"content":{"rendered":"\n<div class=\"wp-block-group alignfull pattern_multiple_covers has-background has-global-padding is-layout-constrained wp-block-group-is-layout-constrained\" id=\"services\" style=\"background-color:#f8f8f8\">\n<div class=\"wp-block-cover alignfull\" style=\"min-height:396px\"><span aria-hidden=\"true\" class=\"wp-block-cover__background has-background-dim\"><\/span><img loading=\"lazy\" decoding=\"async\" width=\"2048\" height=\"1339\" class=\"wp-block-cover__image-background wp-image-280\" alt=\"\" src=\"https:\/\/innovativedesign.es\/wp-content\/uploads\/2024\/01\/empresa-3.jpeg\" style=\"object-position:59% 45%\" data-object-fit=\"cover\" data-object-position=\"59% 45%\" srcset=\"https:\/\/innovativedesign.es\/wp-content\/uploads\/2024\/01\/empresa-3.jpeg 2048w, https:\/\/innovativedesign.es\/wp-content\/uploads\/2024\/01\/empresa-3-300x196.jpeg 300w, https:\/\/innovativedesign.es\/wp-content\/uploads\/2024\/01\/empresa-3-1024x670.jpeg 1024w, https:\/\/innovativedesign.es\/wp-content\/uploads\/2024\/01\/empresa-3-2000x1308.jpeg 2000w\" sizes=\"(max-width: 2048px) 100vw, 2048px\" \/><div class=\"wp-block-cover__inner-container is-layout-flow wp-block-cover-is-layout-flow\">\n<p class=\"has-text-align-center has-white-color has-text-color\" style=\"font-size:clamp(37.821px, 2.364rem + ((1vw - 3.2px) * 3.352), 70px);font-style:normal;font-weight:900\"><strong>Nuestros Servicios<\/strong><\/p>\n\n\n\n<div style=\"height:13px\" aria-hidden=\"true\" class=\"wp-block-spacer\"><\/div>\n\n\n\n<div class=\"wp-block-buttons is-content-justification-center is-layout-flex wp-container-core-buttons-layout-1 wp-block-buttons-is-layout-flex\">\n<div class=\"wp-block-button has-custom-font-size is-style-outline has-small-font-size\"><a class=\"wp-block-button__link has-white-color has-text-color wp-element-button\" href=\"https:\/\/innovativedesign.es\/?page_id=247\" style=\"border-radius:0px\"><strong>Cont\u00e1ctanos Ahora!<\/strong><\/a><\/div>\n<\/div>\n<\/div><\/div>\n\n\n\n<div style=\"height:47px\" aria-hidden=\"true\" class=\"wp-block-spacer\"><\/div>\n\n\n\n<p class=\"has-text-align-center has-small-font-size\">En Innovative Design Barcelona, nos especializamos en la creaci\u00f3n Web de Restaurantes. Y trabajamos de la misma forma con todos nuestros clientes, por eso es que utilizamos las mismas cosas aplicadas diferentemente para que cada de las p\u00e1ginas Web sean \u00fanicas.<\/p>\n\n\n\n<div style=\"height:46px\" aria-hidden=\"true\" class=\"wp-block-spacer\"><\/div>\n\n\n\n<div class=\"wp-block-columns is-layout-flex wp-container-core-columns-layout-1 wp-block-columns-is-layout-flex\">\n<div class=\"wp-block-column is-layout-flow wp-block-column-is-layout-flow\" style=\"padding-top:0;padding-right:0;padding-bottom:0;padding-left:0\">\n<div class=\"wp-block-cover has-custom-content-position is-position-bottom-left\" style=\"padding-top:var(--wp--preset--spacing--small);padding-right:var(--wp--preset--spacing--x-small);padding-bottom:var(--wp--preset--spacing--small);padding-left:var(--wp--preset--spacing--x-small)\"><span aria-hidden=\"true\" class=\"wp-block-cover__background has-primary-background-color has-background-dim-70 has-background-dim\"><\/span><img loading=\"lazy\" decoding=\"async\" width=\"300\" height=\"200\" class=\"wp-block-cover__image-background wp-image-114\" alt=\"\" src=\"http:\/\/innovativedesign.es\/wp-content\/uploads\/2024\/01\/empresa2.jpeg\" data-object-fit=\"cover\"\/><div class=\"wp-block-cover__inner-container is-layout-flow wp-block-cover-is-layout-flow\">\n<h3 class=\"wp-block-heading has-white-color has-text-color has-medium-font-size\" style=\"margin-top:0;margin-right:0;margin-bottom:0;margin-left:0\">Dise\u00f1o Web<\/h3>\n<\/div><\/div>\n<\/div>\n\n\n\n<div class=\"wp-block-column is-layout-flow wp-block-column-is-layout-flow\" style=\"padding-top:0;padding-right:0;padding-bottom:0;padding-left:0\">\n<div class=\"wp-block-cover has-custom-content-position is-position-bottom-left\" style=\"padding-top:var(--wp--preset--spacing--small);padding-right:var(--wp--preset--spacing--x-small);padding-bottom:var(--wp--preset--spacing--small);padding-left:var(--wp--preset--spacing--x-small)\"><span aria-hidden=\"true\" class=\"wp-block-cover__background has-primary-background-color has-background-dim-70 has-background-dim\"><\/span><img loading=\"lazy\" decoding=\"async\" width=\"612\" height=\"377\" class=\"wp-block-cover__image-background wp-image-279\" alt=\"\" src=\"http:\/\/innovativedesign.es\/wp-content\/uploads\/2024\/01\/empresa3-1.jpeg\" data-object-fit=\"cover\" srcset=\"https:\/\/innovativedesign.es\/wp-content\/uploads\/2024\/01\/empresa3-1.jpeg 612w, https:\/\/innovativedesign.es\/wp-content\/uploads\/2024\/01\/empresa3-1-300x185.jpeg 300w\" sizes=\"(max-width: 612px) 100vw, 612px\" \/><div class=\"wp-block-cover__inner-container is-layout-flow wp-block-cover-is-layout-flow\">\n<h3 class=\"wp-block-heading has-white-color has-text-color has-medium-font-size\" style=\"margin-top:0;margin-right:0;margin-bottom:0;margin-left:0\">Desarrollo Web<\/h3>\n<\/div><\/div>\n<\/div>\n\n\n\n<div class=\"wp-block-column is-layout-flow wp-block-column-is-layout-flow\" style=\"padding-top:0;padding-right:0;padding-bottom:0;padding-left:0\">\n<div class=\"wp-block-cover has-custom-content-position is-position-bottom-left\" style=\"padding-top:var(--wp--preset--spacing--small);padding-right:var(--wp--preset--spacing--x-small);padding-bottom:var(--wp--preset--spacing--small);padding-left:var(--wp--preset--spacing--x-small)\"><span aria-hidden=\"true\" class=\"wp-block-cover__background has-primary-background-color has-background-dim-70 has-background-dim\"><\/span><img loading=\"lazy\" decoding=\"async\" width=\"2560\" height=\"1760\" class=\"wp-block-cover__image-background wp-image-39\" alt=\"\" src=\"http:\/\/innovativedesign.es\/wp-content\/uploads\/2024\/01\/banner-emprea-2-scaled.jpg\" data-object-fit=\"cover\" srcset=\"https:\/\/innovativedesign.es\/wp-content\/uploads\/2024\/01\/banner-emprea-2-scaled.jpg 2560w, https:\/\/innovativedesign.es\/wp-content\/uploads\/2024\/01\/banner-emprea-2-300x206.jpg 300w, https:\/\/innovativedesign.es\/wp-content\/uploads\/2024\/01\/banner-emprea-2-1024x704.jpg 1024w, https:\/\/innovativedesign.es\/wp-content\/uploads\/2024\/01\/banner-emprea-2-768x528.jpg 768w, https:\/\/innovativedesign.es\/wp-content\/uploads\/2024\/01\/banner-emprea-2-1536x1056.jpg 1536w, https:\/\/innovativedesign.es\/wp-content\/uploads\/2024\/01\/banner-emprea-2-2048x1408.jpg 2048w\" sizes=\"(max-width: 2560px) 100vw, 2560px\" \/><div class=\"wp-block-cover__inner-container is-layout-flow wp-block-cover-is-layout-flow\">\n<h3 class=\"wp-block-heading has-white-color has-text-color has-medium-font-size\" style=\"margin-top:0;margin-right:0;margin-bottom:0;margin-left:0\">Posicionamiento SEO<\/h3>\n<\/div><\/div>\n<\/div>\n<\/div>\n\n\n\n<div style=\"height:0px\" aria-hidden=\"true\" class=\"wp-block-spacer\"><\/div>\n<\/div>\n\n\n\n<div class=\"wp-block-group alignfull has-background has-global-padding is-layout-constrained wp-block-group-is-layout-constrained\" style=\"background-color:#f8f8f8\">\n<div class=\"wp-block-group has-white-background-color has-background has-global-padding is-layout-constrained wp-block-group-is-layout-constrained\" style=\"padding-top:var(--wp--preset--spacing--small);padding-bottom:var(--wp--preset--spacing--small)\">\n<div style=\"height:30px\" aria-hidden=\"true\" class=\"wp-block-spacer\"><\/div>\n\n\n\n<div class=\"wp-block-columns are-vertically-aligned-center is-layout-flex wp-container-core-columns-layout-2 wp-block-columns-is-layout-flex\">\n<div class=\"wp-block-column is-vertically-aligned-center is-layout-flow wp-block-column-is-layout-flow\">\n<figure class=\"wp-block-image size-full is-resized\"><img loading=\"lazy\" decoding=\"async\" width=\"548\" height=\"343\" src=\"https:\/\/innovativedesign.es\/wp-content\/uploads\/2024\/01\/empresa-edited-1.webp\" alt=\"\" class=\"wp-image-303\" style=\"width:544px;height:auto\" srcset=\"https:\/\/innovativedesign.es\/wp-content\/uploads\/2024\/01\/empresa-edited-1.webp 548w, https:\/\/innovativedesign.es\/wp-content\/uploads\/2024\/01\/empresa-edited-1-300x188.webp 300w\" sizes=\"(max-width: 548px) 100vw, 548px\" \/><\/figure>\n<\/div>\n\n\n\n<div class=\"wp-block-column is-vertically-aligned-center is-layout-flow wp-block-column-is-layout-flow\">\n<h2 class=\"wp-block-heading has-text-color has-link-color has-large-font-size wp-elements-11fdfe5ad0fbd3fd8b77f4a2ce00ea57\" style=\"color:#002685\">Nuestros Servicios<\/h2>\n\n\n\n<p class=\"has-small-font-size\">En Innovative Design, nos especializamos en crear <strong>sitios web exclusivos para restaurantes<\/strong> con el objetivo de <strong>atraer a un p\u00fablico m\u00e1s amplio<\/strong>, especialmente a aquellos que buscan opciones gastron\u00f3micas. Desarrollamos <strong>p\u00e1ginas web personalizadas que reflejan la esencia \u00fanica de vuestro restaurante<\/strong>, generando una impresi\u00f3n positiva desde el primer vistazo al destacar vuestros platos, ambiente y propuesta culinaria.<\/p>\n\n\n\n<p class=\"has-small-font-size\">Al confiar en Innovative Design, no solo obtendr\u00e1n una presencia en l\u00ednea atractiva, sino tambi\u00e9n una <strong>herramienta efectiva para atraer a una audiencia m\u00e1s amplia<\/strong>, incluyendo aquellos visitantes que buscan opciones gastron\u00f3micas en la zona. Estamos dedicados a proporcionar soluciones web que impulsen vuestro negocio y generen un inter\u00e9s duradero entre los clientes potenciales.<\/p>\n<\/div>\n<\/div>\n\n\n\n<div style=\"height:30px\" aria-hidden=\"true\" class=\"wp-block-spacer\"><\/div>\n<\/div>\n<\/div>\n\n\n\n<div class=\"wp-block-group has-global-padding is-layout-constrained wp-block-group-is-layout-constrained\" style=\"padding-top:var(--wp--preset--spacing--small);padding-bottom:var(--wp--preset--spacing--small)\">\n<div style=\"height:30px\" aria-hidden=\"true\" class=\"wp-block-spacer\"><\/div>\n\n\n\n<div class=\"wp-block-columns has-white-background-color has-background is-layout-flex wp-container-core-columns-layout-3 wp-block-columns-is-layout-flex\">\n<div class=\"wp-block-column is-vertically-aligned-center is-layout-flow wp-block-column-is-layout-flow\">\n<h2 class=\"wp-block-heading has-text-color has-link-color has-large-font-size wp-elements-3fc048fd584122fb896b3741da261f6a\" style=\"color:#002685\">Sobre Nosotros<\/h2>\n\n\n\n<p class=\"has-small-font-size\">IDB es una empresa de creaciones web fundada en el a\u00f1o 2023 en la vibrante ciudad de Barcelona. Bajo la direcci\u00f3n de Pol Armengol. Somos una empresa nueva que empez\u00f3 en el 2023, pero ya estamos luchando para tener una buena posici\u00f3n en el mundo digital. Nuestra empresa, con una buena experiencia, se ha convertido en el motor de nuestra capacidad para ofrecer soluciones innovadoras en el vasto universo de la creaci\u00f3n web.<\/p>\n\n\n\n<div class=\"wp-block-buttons is-horizontal is-content-justification-left is-layout-flex wp-container-core-buttons-layout-2 wp-block-buttons-is-layout-flex\">\n<div class=\"wp-block-button has-custom-font-size is-style-outline has-small-font-size\"><a class=\"wp-block-button__link wp-element-button\" href=\"https:\/\/innovativedesign.es\/?page_id=174\" style=\"border-radius:0px\">Desc\u00fabrenos!<\/a><\/div>\n<\/div>\n<\/div>\n\n\n\n<div class=\"wp-block-column is-layout-flow wp-block-column-is-layout-flow\">\n<figure class=\"wp-block-image size-full\"><img loading=\"lazy\" decoding=\"async\" width=\"600\" height=\"400\" src=\"http:\/\/innovativedesign.es\/wp-content\/uploads\/2024\/01\/aerial-view-barcelona-eixample-residential-600nw-2163690847.webp\" alt=\"\" class=\"wp-image-162\" srcset=\"https:\/\/innovativedesign.es\/wp-content\/uploads\/2024\/01\/aerial-view-barcelona-eixample-residential-600nw-2163690847.webp 600w, https:\/\/innovativedesign.es\/wp-content\/uploads\/2024\/01\/aerial-view-barcelona-eixample-residential-600nw-2163690847-300x200.webp 300w\" sizes=\"(max-width: 600px) 100vw, 600px\" \/><\/figure>\n<\/div>\n<\/div>\n\n\n\n<div style=\"height:16px\" aria-hidden=\"true\" class=\"wp-block-spacer\"><\/div>\n<\/div>\n\n\n\n<div class=\"wp-block-cover alignfull has-parallax is-position-center-center\" style=\"border-radius:0px\"><span aria-hidden=\"true\" class=\"wp-block-cover__background has-black-background-color has-background-dim-40 has-background-dim\"><\/span><div role=\"img\" class=\"wp-block-cover__image-background wp-image-251 has-parallax\" style=\"background-position:50% 50%;background-image:url(http:\/\/innovativedesign.es\/wp-content\/uploads\/2024\/01\/vista-aerea-ciudad-barcelona-port-vell-scaled.jpg)\"><\/div><div class=\"wp-block-cover__inner-container is-layout-flow wp-block-cover-is-layout-flow\">\n<div class=\"wp-block-group has-global-padding is-layout-constrained wp-block-group-is-layout-constrained\">\n<h3 class=\"wp-block-heading has-text-align-center has-text-color has-large-font-size\" style=\"color:#fffffa;text-transform:uppercase\">CONT\u00c1CTANOS<\/h3>\n\n\n\n<div style=\"height:17px\" aria-hidden=\"true\" class=\"wp-block-spacer\"><\/div>\n\n\n\n<div class=\"wp-block-buttons is-horizontal is-content-justification-center is-layout-flex wp-container-core-buttons-layout-3 wp-block-buttons-is-layout-flex\">\n<div class=\"wp-block-button has-custom-font-size is-style-outline has-small-font-size\"><a class=\"wp-block-button__link has-white-color has-text-color wp-element-button\" href=\"https:\/\/innovativedesign.es\/?page_id=247\" style=\"border-radius:0px\"><strong>Cont\u00e1ctanos Ahora!<\/strong><\/a><\/div>\n<\/div>\n<\/div>\n<\/div><\/div>\n","protected":false},"excerpt":{"rendered":"<p>En Innovative Design Barcelona, nos especializamos en la creaci\u00f3n Web de Restaurantes. Y trabajamos de la misma forma con todos nuestros clientes, por eso es que utilizamos las mismas cosas aplicadas diferentemente para que cada de las p\u00e1ginas Web sean \u00fanicas. Nuestros Servicios En Innovative Design, nos especializamos en crear sitios web exclusivos para restaurantes &hellip; <\/p>\n<p class=\"link-more\"><a href=\"https:\/\/innovativedesign.es\/?page_id=244\" class=\"more-link\">Read more<span class=\"screen-reader-text\"> &#8220;Servicios&#8221;<\/span><\/a><\/p>\n","protected":false},"author":1,"featured_media":0,"parent":0,"menu_order":0,"comment_status":"closed","ping_status":"closed","template":"","meta":{"om_disable_all_campaigns":false,"_monsterinsights_skip_tracking":false,"_monsterinsights_sitenote_active":false,"_monsterinsights_sitenote_note":"","_monsterinsights_sitenote_category":0,"footnotes":""},"aioseo_notices":[],"_links":{"self":[{"href":"https:\/\/innovativedesign.es\/index.php?rest_route=\/wp\/v2\/pages\/244"}],"collection":[{"href":"https:\/\/innovativedesign.es\/index.php?rest_route=\/wp\/v2\/pages"}],"about":[{"href":"https:\/\/innovativedesign.es\/index.php?rest_route=\/wp\/v2\/types\/page"}],"author":[{"embeddable":true,"href":"https:\/\/innovativedesign.es\/index.php?rest_route=\/wp\/v2\/users\/1"}],"replies":[{"embeddable":true,"href":"https:\/\/innovativedesign.es\/index.php?rest_route=%2Fwp%2Fv2%2Fcomments&post=244"}],"version-history":[{"count":23,"href":"https:\/\/innovativedesign.es\/index.php?rest_route=\/wp\/v2\/pages\/244\/revisions"}],"predecessor-version":[{"id":311,"href":"https:\/\/innovativedesign.es\/index.php?rest_route=\/wp\/v2\/pages\/244\/revisions\/311"}],"wp:attachment":[{"href":"https:\/\/innovativedesign.es\/index.php?rest_route=%2Fwp%2Fv2%2Fmedia&parent=244"}],"curies":[{"name":"wp","href":"https:\/\/api.w.org\/{rel}","templated":true}]}}