{"id":174,"date":"2024-01-17T19:31:45","date_gmt":"2024-01-17T18:31:45","guid":{"rendered":"https:\/\/innovativedesign.es\/?page_id=174"},"modified":"2024-01-24T17:13:30","modified_gmt":"2024-01-24T16:13:30","slug":"empresa","status":"publish","type":"page","link":"https:\/\/innovativedesign.es\/?page_id=174","title":{"rendered":"Empresa"},"content":{"rendered":"\n<div class=\"wp-block-group is-style-default has-light-background-background-color has-background has-global-padding is-layout-constrained wp-block-group-is-layout-constrained\" style=\"padding-top:60px;padding-bottom:60px;padding-left:0\">\n<h2 class=\"wp-block-heading has-text-align-center has-text-color has-link-color has-large-font-size wp-elements-87dcd3f8ec6de31ba9fce27770a76996\" style=\"color:#002685\">Sobre Innovative Design<\/h2>\n\n\n\n<div style=\"height:20px\" aria-hidden=\"true\" class=\"wp-block-spacer\"><\/div>\n\n\n\n<div class=\"wp-block-group has-global-padding is-layout-constrained wp-block-group-is-layout-constrained\">\n<div class=\"wp-block-columns is-layout-flex wp-container-core-columns-layout-1 wp-block-columns-is-layout-flex\" style=\"padding-top:0;padding-right:0;padding-bottom:0;padding-left:0\">\n<div class=\"wp-block-column is-vertically-aligned-top is-layout-flow wp-block-column-is-layout-flow\" style=\"flex-basis:50%\">\n<figure class=\"wp-block-image alignright size-full\"><img loading=\"lazy\" decoding=\"async\" width=\"548\" height=\"343\" src=\"http:\/\/innovativedesign.es\/wp-content\/uploads\/2024\/01\/empresa-edited-1.webp\" alt=\"\" class=\"wp-image-303\" srcset=\"https:\/\/innovativedesign.es\/wp-content\/uploads\/2024\/01\/empresa-edited-1.webp 548w, https:\/\/innovativedesign.es\/wp-content\/uploads\/2024\/01\/empresa-edited-1-300x188.webp 300w\" sizes=\"(max-width: 548px) 100vw, 548px\" \/><\/figure>\n<\/div>\n\n\n\n<div class=\"wp-block-column is-vertically-aligned-center is-layout-flow wp-block-column-is-layout-flow\" style=\"padding-left:var(--wp--preset--spacing--80);flex-basis:50%\">\n<p class=\"has-text-align-left has-small-font-size\">En Innovative Design, nos destacamos como tu <strong>aliado estrat\u00e9gico en el din\u00e1mico mundo digital<\/strong>. No limitamos nuestra oferta a ser simplemente una agencia de dise\u00f1o web; nos comprometemos a ser tu socio integral, brindando soluciones que trascienden lo est\u00e9tico para generar resultados tangibles y beneficios reales para tu empresa.<\/p>\n\n\n\n<p class=\"has-small-font-size\">Nos embarcamos en la misi\u00f3n de impulsar tu proyecto desde el primer d\u00eda, buscando maximizar beneficios con una eficiencia de recursos excepcional. En nuestra traves\u00eda, fusionamos la creatividad con un enfoque pr\u00e1ctico, implementando ideas innovadoras con el claro prop\u00f3sito de obtener rentabilidad. <\/p>\n<\/div>\n<\/div>\n<\/div>\n\n\n\n<div class=\"wp-block-media-text has-media-on-the-right is-stacked-on-mobile\"><div class=\"wp-block-media-text__content\">\n<p class=\"has-small-font-size\">Cada dise\u00f1o, cada estrategia es concebida con una pasi\u00f3n ardiente, respaldada por una meticulosa planificaci\u00f3n estrat\u00e9gica que garantiza la funcionalidad, accesibilidad y efectividad de tus sitios web en todos los dispositivos.<\/p>\n\n\n\n<p class=\"has-small-font-size\">Ubicados estrat\u00e9gicamente en el coraz\u00f3n de Barcelona, estamos cerca de nuestros clientes para comprender sus necesidades en el siempre cambiante panorama digital. Nuestro equipo, con una buena experiencia en dise\u00f1o gr\u00e1fico y web, agrega un toque especial a Innovative Design. No solo proporcionamos servicios; ofrecemos una asociaci\u00f3n estrat\u00e9gica comprometida a <strong>impulsar tu restaurante hacia nuevas alturas en el mundo digital<\/strong>.<\/p>\n<\/div><figure class=\"wp-block-media-text__media\"><img loading=\"lazy\" decoding=\"async\" width=\"612\" height=\"377\" src=\"https:\/\/innovativedesign.es\/wp-content\/uploads\/2024\/01\/empresa3.jpeg\" alt=\"\" class=\"wp-image-183 size-full\" srcset=\"https:\/\/innovativedesign.es\/wp-content\/uploads\/2024\/01\/empresa3.jpeg 612w, https:\/\/innovativedesign.es\/wp-content\/uploads\/2024\/01\/empresa3-300x185.jpeg 300w\" sizes=\"(max-width: 612px) 100vw, 612px\" \/><\/figure><\/div>\n<\/div>\n\n\n\n<div class=\"wp-block-group has-global-padding is-layout-constrained wp-block-group-is-layout-constrained\">\n<div class=\"wp-block-group is-layout-flow wp-block-group-is-layout-flow\">\n<div style=\"height:47px\" aria-hidden=\"true\" class=\"wp-block-spacer\"><\/div>\n\n\n\n<h3 class=\"wp-block-heading has-text-align-center has-text-color has-link-color has-large-font-size wp-elements-d24a5fa8adb79488d0f7d8194b9bb137\" style=\"color:#002685\">Nuestros Servicios<\/h3>\n\n\n\n<div style=\"height:48px\" aria-hidden=\"true\" class=\"wp-block-spacer\"><\/div>\n\n\n\n<div class=\"wp-block-columns is-layout-flex wp-container-core-columns-layout-2 wp-block-columns-is-layout-flex\">\n<div class=\"wp-block-column is-style-default is-layout-flow wp-block-column-is-layout-flow\" style=\"border-style:none;border-width:0px;padding-top:0;padding-right:0;padding-bottom:0;padding-left:0\">\n<figure class=\"wp-block-image size-full is-resized\"><img loading=\"lazy\" decoding=\"async\" width=\"1044\" height=\"587\" src=\"https:\/\/innovativedesign.es\/wp-content\/uploads\/2024\/01\/Captura-de-pantalla-2024-01-17-a-les-14.10.51-edited.png\" alt=\"\" class=\"wp-image-195\" style=\"width:375px;height:auto\" srcset=\"https:\/\/innovativedesign.es\/wp-content\/uploads\/2024\/01\/Captura-de-pantalla-2024-01-17-a-les-14.10.51-edited.png 1044w, https:\/\/innovativedesign.es\/wp-content\/uploads\/2024\/01\/Captura-de-pantalla-2024-01-17-a-les-14.10.51-edited-300x169.png 300w, https:\/\/innovativedesign.es\/wp-content\/uploads\/2024\/01\/Captura-de-pantalla-2024-01-17-a-les-14.10.51-edited-1024x576.png 1024w\" sizes=\"(max-width: 1044px) 100vw, 1044px\" \/><\/figure>\n\n\n\n<h2 class=\"wp-block-heading has-text-align-center\">Dise\u00f1o Web<\/h2>\n\n\n\n<p class=\"has-text-align-center has-small-font-size\">Nos centramos en sacar el<strong> m\u00e1ximo provecho<\/strong> a la imagen visual para <strong>atraer visitas para nuestros clientes.<\/strong><\/p>\n<\/div>\n\n\n\n<div class=\"wp-block-column is-style-default is-layout-flow wp-block-column-is-layout-flow\" style=\"border-style:none;border-width:0px;padding-top:0;padding-right:0;padding-bottom:0;padding-left:0\">\n<figure class=\"wp-block-image size-full is-resized\"><img loading=\"lazy\" decoding=\"async\" width=\"1000\" height=\"563\" src=\"https:\/\/innovativedesign.es\/wp-content\/uploads\/2024\/01\/Captura-de-pantalla-2024-01-17-a-les-14.09.30-edited.png\" alt=\"\" class=\"wp-image-193\" style=\"width:366px;height:auto\" srcset=\"https:\/\/innovativedesign.es\/wp-content\/uploads\/2024\/01\/Captura-de-pantalla-2024-01-17-a-les-14.09.30-edited.png 1000w, https:\/\/innovativedesign.es\/wp-content\/uploads\/2024\/01\/Captura-de-pantalla-2024-01-17-a-les-14.09.30-edited-300x169.png 300w\" sizes=\"(max-width: 1000px) 100vw, 1000px\" \/><\/figure>\n\n\n\n<h2 class=\"wp-block-heading has-text-align-center\">Desarrollo Web<\/h2>\n\n\n\n<p class=\"has-text-align-center has-small-font-size\">Una buena estructura en tu web es fundamental para que tu web se vea mejor y funcione mejor.<\/p>\n<\/div>\n\n\n\n<div class=\"wp-block-column is-style-default is-layout-flow wp-block-column-is-layout-flow\" style=\"border-style:none;border-width:0px;padding-top:0;padding-right:0;padding-bottom:0;padding-left:0\">\n<figure class=\"wp-block-image size-full\"><img loading=\"lazy\" decoding=\"async\" width=\"1008\" height=\"567\" src=\"https:\/\/innovativedesign.es\/wp-content\/uploads\/2024\/01\/Captura-de-pantalla-2024-01-17-a-les-14.09.17-edited.png\" alt=\"\" class=\"wp-image-197\" srcset=\"https:\/\/innovativedesign.es\/wp-content\/uploads\/2024\/01\/Captura-de-pantalla-2024-01-17-a-les-14.09.17-edited.png 1008w, https:\/\/innovativedesign.es\/wp-content\/uploads\/2024\/01\/Captura-de-pantalla-2024-01-17-a-les-14.09.17-edited-300x169.png 300w\" sizes=\"(max-width: 1008px) 100vw, 1008px\" \/><\/figure>\n\n\n\n<h2 class=\"wp-block-heading has-text-align-center\">Posicionamiento SEO<\/h2>\n\n\n\n<p class=\"has-text-align-center has-small-font-size\">Creamos el contenido exacto para que los mejores buscadores posicionen tu negocio en los primeros resultados.<\/p>\n<\/div>\n<\/div>\n<\/div>\n<\/div>\n\n\n\n<div style=\"height:46px\" aria-hidden=\"true\" class=\"wp-block-spacer\"><\/div>\n\n\n\n<div class=\"wp-block-group has-global-padding is-layout-constrained wp-block-group-is-layout-constrained\">\n<div class=\"wp-block-group is-layout-flow wp-block-group-is-layout-flow\">\n<div class=\"wp-block-columns is-layout-flex wp-container-core-columns-layout-3 wp-block-columns-is-layout-flex\">\n<div class=\"wp-block-column is-layout-flow wp-block-column-is-layout-flow\">\n<h2 class=\"wp-block-heading has-text-align-left has-text-color has-link-color has-large-font-size wp-elements-6dff6a28efea8c5b73b759f4c729cfee\" style=\"color:#002685\">Nuestra Ubicaci\u00f3n<\/h2>\n\n\n\n<ul class=\"has-medium-font-size\">\n<li><strong>Barcelona<\/strong><\/li>\n<\/ul>\n<\/div>\n\n\n\n<div class=\"wp-block-column is-layout-flow wp-block-column-is-layout-flow\">\n<figure class=\"wp-block-image size-full\"><img loading=\"lazy\" decoding=\"async\" width=\"987\" height=\"590\" src=\"https:\/\/innovativedesign.es\/wp-content\/uploads\/2024\/01\/barcelona.jpeg\" alt=\"\" class=\"wp-image-186\" srcset=\"https:\/\/innovativedesign.es\/wp-content\/uploads\/2024\/01\/barcelona.jpeg 987w, https:\/\/innovativedesign.es\/wp-content\/uploads\/2024\/01\/barcelona-300x179.jpeg 300w\" sizes=\"(max-width: 987px) 100vw, 987px\" \/><\/figure>\n<\/div>\n<\/div>\n\n\n\n<div style=\"height:100px\" aria-hidden=\"true\" class=\"wp-block-spacer\"><\/div>\n\n\n\n<hr class=\"wp-block-separator has-text-color has-lightgrey-color has-alpha-channel-opacity has-lightgrey-background-color has-background is-style-wide\"\/>\n<\/div>\n<\/div>\n\n\n\n<div style=\"height:50px\" aria-hidden=\"true\" class=\"wp-block-spacer\"><\/div>\n","protected":false},"excerpt":{"rendered":"<p>Sobre Innovative Design En Innovative Design, nos destacamos como tu aliado estrat\u00e9gico en el din\u00e1mico mundo digital. No limitamos nuestra oferta a ser simplemente una agencia de dise\u00f1o web; nos comprometemos a ser tu socio integral, brindando soluciones que trascienden lo est\u00e9tico para generar resultados tangibles y beneficios reales para tu empresa. Nos embarcamos en &hellip; <\/p>\n<p class=\"link-more\"><a href=\"https:\/\/innovativedesign.es\/?page_id=174\" class=\"more-link\">Read more<span class=\"screen-reader-text\"> &#8220;Empresa&#8221;<\/span><\/a><\/p>\n","protected":false},"author":1,"featured_media":0,"parent":0,"menu_order":0,"comment_status":"closed","ping_status":"closed","template":"","meta":{"om_disable_all_campaigns":false,"_monsterinsights_skip_tracking":false,"_monsterinsights_sitenote_active":false,"_monsterinsights_sitenote_note":"","_monsterinsights_sitenote_category":0,"footnotes":""},"aioseo_notices":[],"_links":{"self":[{"href":"https:\/\/innovativedesign.es\/index.php?rest_route=\/wp\/v2\/pages\/174"}],"collection":[{"href":"https:\/\/innovativedesign.es\/index.php?rest_route=\/wp\/v2\/pages"}],"about":[{"href":"https:\/\/innovativedesign.es\/index.php?rest_route=\/wp\/v2\/types\/page"}],"author":[{"embeddable":true,"href":"https:\/\/innovativedesign.es\/index.php?rest_route=\/wp\/v2\/users\/1"}],"replies":[{"embeddable":true,"href":"https:\/\/innovativedesign.es\/index.php?rest_route=%2Fwp%2Fv2%2Fcomments&post=174"}],"version-history":[{"count":13,"href":"https:\/\/innovativedesign.es\/index.php?rest_route=\/wp\/v2\/pages\/174\/revisions"}],"predecessor-version":[{"id":313,"href":"https:\/\/innovativedesign.es\/index.php?rest_route=\/wp\/v2\/pages\/174\/revisions\/313"}],"wp:attachment":[{"href":"https:\/\/innovativedesign.es\/index.php?rest_route=%2Fwp%2Fv2%2Fmedia&parent=174"}],"curies":[{"name":"wp","href":"https:\/\/api.w.org\/{rel}","templated":true}]}}